{"id":918,"date":"2025-06-28T02:34:19","date_gmt":"2025-06-28T00:34:19","guid":{"rendered":"https:\/\/ziemowit.net\/?page_id=918"},"modified":"2025-06-28T02:52:35","modified_gmt":"2025-06-28T00:52:35","slug":"formularz-zgloszeniowy","status":"publish","type":"page","link":"https:\/\/ziemowit.net\/index.php\/formularz-zgloszeniowy\/","title":{"rendered":"Formularz Zg\u0142oszeniowy"},"content":{"rendered":"\n<div id=\"formularz-zgloszeniowy\" class=\"form-container-wpforms\">\n  <h3>Zg\u0142oszenie wyszukiwania nieruchomo\u015bci<\/h3>\n\n  <style id=\"wpforms-css-vars-921\">\n\t\t\t\t#wpforms-921 {\n\t\t\t\t\n\t\t\t}\n\t\t\t<\/style><div class=\"wpforms-container wpforms-container-full wpforms-render-modern\" id=\"wpforms-921\"><form id=\"wpforms-form-921\" class=\"wpforms-validate wpforms-form wpforms-ajax-form\" data-formid=\"921\" method=\"post\" enctype=\"multipart\/form-data\" action=\"\/index.php\/wp-json\/wp\/v2\/pages\/918\" data-token=\"1504b5ecdeb0a430ff308d96a6bea021\" data-token-time=\"1776387373\"><noscript class=\"wpforms-error-noscript\">Aby wype\u0142ni\u0107 ten formularz, w\u0142\u0105cz obs\u0142ug\u0119 JavaScript w przegl\u0105darce.<\/noscript><div id=\"wpforms-error-noscript\" style=\"display: none;\">Aby wype\u0142ni\u0107 ten formularz, w\u0142\u0105cz obs\u0142ug\u0119 JavaScript w przegl\u0105darce.<\/div><div class=\"wpforms-field-container\"><div id=\"wpforms-921-field_1-container\" class=\"wpforms-field wpforms-field-name\" data-field-id=\"1\"><fieldset><legend class=\"wpforms-field-label\">Imi\u0119 i nazwisko<\/legend><div class=\"wpforms-field-row wpforms-field-large\"><div class=\"wpforms-field-row-block wpforms-first wpforms-one-half\"><input type=\"text\" id=\"wpforms-921-field_1\" class=\"wpforms-field-name-first\" name=\"wpforms[fields][1][first]\" aria-errormessage=\"wpforms-921-field_1-error\" ><label for=\"wpforms-921-field_1\" class=\"wpforms-field-sublabel after\">Pierwszy<\/label><\/div><div class=\"wpforms-field-row-block wpforms-one-half\"><input type=\"text\" id=\"wpforms-921-field_1-last\" class=\"wpforms-field-name-last\" name=\"wpforms[fields][1][last]\" aria-errormessage=\"wpforms-921-field_1-last-error\" ><label for=\"wpforms-921-field_1-last\" class=\"wpforms-field-sublabel after\">Ostatni<\/label><\/div><\/div><\/fieldset><\/div><div id=\"wpforms-921-field_2-container\" class=\"wpforms-field wpforms-field-email\" data-field-id=\"2\"><label class=\"wpforms-field-label\" for=\"wpforms-921-field_2\">E-mail<\/label><input type=\"email\" id=\"wpforms-921-field_2\" class=\"wpforms-field-medium\" name=\"wpforms[fields][2]\" spellcheck=\"false\" aria-errormessage=\"wpforms-921-field_2-error\" ><\/div><div id=\"wpforms-921-field_4-container\" class=\"wpforms-field wpforms-field-select wpforms-field-select-style-classic\" data-field-id=\"4\"><label class=\"wpforms-field-label\" for=\"wpforms-921-field_4\">Rodzaj nieruchomo\u015bci<\/label><select id=\"wpforms-921-field_4\" class=\"wpforms-field-medium\" name=\"wpforms[fields][4]\"><option value=\"Dom\"  class=\"choice-1 depth-1\"  >Dom<\/option><option value=\"Mieszkanie\"  class=\"choice-2 depth-1\"  >Mieszkanie<\/option><option value=\"Dzia\u0142ka budowlana\"  class=\"choice-3 depth-1\"  >Dzia\u0142ka budowlana<\/option><option value=\"Siedlisko\"  class=\"choice-4 depth-1\"  >Siedlisko<\/option><option value=\"Inna nieruchomo\u015b\u0107\"  class=\"choice-5 depth-1\"  >Inna nieruchomo\u015b\u0107<\/option><\/select><\/div>\t\t<div id=\"wpforms-921-field_6-container\"\n\t\t\tclass=\"wpforms-field wpforms-field-text\"\n\t\t\tdata-field-type=\"text\"\n\t\t\tdata-field-id=\"6\"\n\t\t\t>\n\t\t\t<label class=\"wpforms-field-label\" for=\"wpforms-921-field_6\" >Imi\u0119 nieruchomo\u015bci kontaktowy<\/label>\n\t\t\t<input type=\"text\" id=\"wpforms-921-field_6\" class=\"wpforms-field-medium\" name=\"wpforms[fields][6]\" >\n\t\t<\/div>\n\t\t<div id=\"wpforms-921-field_5-container\" class=\"wpforms-field wpforms-field-textarea\" data-field-id=\"5\"><label class=\"wpforms-field-label\" for=\"wpforms-921-field_5\">Opis nieruchomo\u015bci<\/label><textarea id=\"wpforms-921-field_5\" class=\"wpforms-field-medium\" name=\"wpforms[fields][5]\" aria-errormessage=\"wpforms-921-field_5-error\" ><\/textarea><\/div><script>\n\t\t\t\t( function() {\n\t\t\t\t\tconst style = document.createElement( 'style' );\n\t\t\t\t\tstyle.appendChild( document.createTextNode( '#wpforms-921-field_6-container { position: absolute !important; overflow: hidden !important; display: inline !important; height: 1px !important; width: 1px !important; z-index: -1000 !important; padding: 0 !important; } #wpforms-921-field_6-container input { visibility: hidden; } #wpforms-conversational-form-page #wpforms-921-field_6-container label { counter-increment: none; }' ) );\n\t\t\t\t\tdocument.head.appendChild( style );\n\t\t\t\t\tdocument.currentScript?.remove();\n\t\t\t\t} )();\n\t\t\t<\/script><\/div><!-- .wpforms-field-container --><div class=\"wpforms-submit-container\" ><input type=\"hidden\" name=\"wpforms[id]\" value=\"921\"><input type=\"hidden\" name=\"page_title\" value=\"\"><input type=\"hidden\" name=\"page_url\" value=\"https:\/\/ziemowit.net\/index.php\/wp-json\/wp\/v2\/pages\/918\"><input type=\"hidden\" name=\"url_referer\" value=\"\"><button type=\"submit\" name=\"wpforms[submit]\" id=\"wpforms-submit-921\" class=\"wpforms-submit\" data-alt-text=\"Wysy\u0142anie...\" data-submit-text=\"Wy\u015blij zg\u0142oszenie\" aria-live=\"assertive\" value=\"wpforms-submit\">Wy\u015blij zg\u0142oszenie<\/button><img loading=\"lazy\" decoding=\"async\" src=\"https:\/\/ziemowit.net\/wp-content\/plugins\/wpforms-lite\/assets\/images\/submit-spin.svg\" class=\"wpforms-submit-spinner\" style=\"display: none;\" width=\"26\" height=\"26\" alt=\"Wczytywanie\"><\/div><\/form><\/div>  <!-- .wpforms-container -->\n<\/div>\n\n<style>\n\/* Kontener formularza *\/\n.form-container-wpforms {\n  max-width: 700px;\n  padding: 30px;\n  background-color: #f7f9fa;\n  border-radius: 8px;\n  box-shadow: 0 5px 15px rgba(0,0,0,0.1);\n  font-family: 'Segoe UI', Arial, sans-serif;\n  margin: 50px auto;\n}\n\n\/* Nag\u0142\u00f3wek formularza *\/\n.form-container-wpforms h3 {\n  margin-bottom: 20px;\n  color: #2e6e49;\n  text-align: center;\n}\n\n\/* Nadpisanie domy\u015blnych styl\u00f3w p\u00f3l WPForms *\/\n.form-container-wpforms .wpforms-container-full .wpforms-form input[type=text],\n.form-container-wpforms .wpforms-container-full .wpforms-form input[type=email],\n.form-container-wpforms .wpforms-container-full .wpforms-form input[type=tel],\n.form-container-wpforms .wpforms-container-full .wpforms-form select,\n.form-container-wpforms .wpforms-container-full .wpforms-form textarea {\n  width: 100% !important;\n  padding: 10px !important;\n  margin-top: 5px !important;\n  border: 1px solid #ccc !important;\n  border-radius: 5px !important;\n  box-sizing: border-box !important;\n  background-color: #fff !important;\n  font-size: 16px !important;\n  line-height: 1.5 !important;\n}\n\n\/* Wysoko\u015b\u0107 textarea *\/\n.form-container-wpforms .wpforms-container-full .wpforms-form textarea {\n  height: 120px !important;\n  resize: vertical !important;\n}\n\n\/* Etykiety p\u00f3l *\/\n.form-container-wpforms .wpforms-container-full .wpforms-field-label {\n  font-weight: 600 !important;\n  margin-bottom: 5px !important;\n  color: #333 !important;\n}\n\n\/* Przycisk wysy\u0142ki formularza *\/\n.form-container-wpforms .wpforms-container-full .wpforms-submit-container button[type=submit],\n.form-container-wpforms .wpforms-container-full button.wpforms-submit {\n  background-color: #2e6e49 !important;\n  color: #ffffff !important;\n  border: none !important;\n  padding: 12px 25px !important;\n  border-radius: 5px !important;\n  cursor: pointer !important;\n  font-size: 16px !important;\n  transition: background-color 0.3s ease !important;\n}\n\n.form-container-wpforms .wpforms-container-full button.wpforms-submit:hover {\n  background-color: #245339 !important;\n}\n\n\/* Marginesy mi\u0119dzy polami formularza *\/\n.form-container-wpforms .wpforms-container-full .wpforms-field {\n  margin-bottom: 20px !important;\n}\n\n\/* Komunikaty o b\u0142\u0119dach *\/\n.form-container-wpforms .wpforms-container-full .wpforms-error {\n  color: #ff4b4b !important;\n  font-size: 14px !important;\n}\n\n\/* Komunikat potwierdzenia wys\u0142ania formularza *\/\n.form-container-wpforms .wpforms-confirmation-container-full {\n  background-color: #e9f7ef !important;\n  border-left: 4px solid #2e6e49 !important;\n  padding: 10px 15px !important;\n  border-radius: 4px !important;\n  margin-top: 20px !important;\n  font-size: 16px !important;\n  color: #2e6e49 !important;\n}\n<\/style>\n\n","protected":false},"excerpt":{"rendered":"<p>Zg\u0142oszenie wyszukiwania nieruchomo\u015bci<\/p>\n","protected":false},"author":1,"featured_media":0,"parent":0,"menu_order":0,"comment_status":"closed","ping_status":"closed","template":"","meta":{"footnotes":""},"class_list":["post-918","page","type-page","status-publish","hentry"],"aioseo_notices":[],"_links":{"self":[{"href":"https:\/\/ziemowit.net\/index.php\/wp-json\/wp\/v2\/pages\/918","targetHints":{"allow":["GET"]}}],"collection":[{"href":"https:\/\/ziemowit.net\/index.php\/wp-json\/wp\/v2\/pages"}],"about":[{"href":"https:\/\/ziemowit.net\/index.php\/wp-json\/wp\/v2\/types\/page"}],"author":[{"embeddable":true,"href":"https:\/\/ziemowit.net\/index.php\/wp-json\/wp\/v2\/users\/1"}],"replies":[{"embeddable":true,"href":"https:\/\/ziemowit.net\/index.php\/wp-json\/wp\/v2\/comments?post=918"}],"version-history":[{"count":9,"href":"https:\/\/ziemowit.net\/index.php\/wp-json\/wp\/v2\/pages\/918\/revisions"}],"predecessor-version":[{"id":938,"href":"https:\/\/ziemowit.net\/index.php\/wp-json\/wp\/v2\/pages\/918\/revisions\/938"}],"wp:attachment":[{"href":"https:\/\/ziemowit.net\/index.php\/wp-json\/wp\/v2\/media?parent=918"}],"curies":[{"name":"wp","href":"https:\/\/api.w.org\/{rel}","templated":true}]}}